{"id":4013,"date":"2023-03-05T07:24:54","date_gmt":"2023-03-05T07:24:54","guid":{"rendered":"http:\/\/chinamedi.ch\/?page_id=4013"},"modified":"2023-03-10T17:28:55","modified_gmt":"2023-03-10T17:28:55","slug":"behandlungsmethoden","status":"publish","type":"page","link":"https:\/\/chinamedi.ch\/index.php\/behandlungsmethoden\/","title":{"rendered":"Behandlungsmethoden"},"content":{"rendered":"<div class=\"divider one\">&nbsp;<\/div>\n<div class=\"divider one\">&nbsp;<\/div>\n<div class=\"standard_wrapper\">\n<div  class=\"ppb_image_boxed one_half\" style=\"margin-bottom:20px;\" >\n<div class=\"page_content_wrapper wide\">\n<div class=\"inner\">\n<div class=\"image_boxed_wrapper theme_radius\" style=\"text-align:center;>\u00ab\u00a0><img decoding=\"async\" src=\"http:\/\/chinamedi.ch\/wp-content\/uploads\/2023\/02\/Adsiz-tasarim-66.png\" alt=\"\"\/><\/p>\n<div class=\"image_boxed_content\" style=\"padding:30px;\">\n<h3>Akupunktur<\/h3>\n<p>Bei der Akupunktur in China Medi TCM Bern geht man davon aus, dass ein Mensch mit einer Beschwerde einen gest\u00f6rten Energiefluss im K\u00f6rper hat.<br \/>\nDurch das Stecken ganz d\u00fcnner, feiner Nadeln an bestimmten Punkten wird der Energiefluss ausgeglichen und das tr\u00e4gt zur Heilung bei.<br \/>\n<a class=\"readmore\" href=\"http:\/\/chinamedi.ch\/index.php\/preisliste\/\">Preise anzeigen<\/a><\/p>\n<\/div>\n<\/div>\n<\/div>\n<\/div>\n<\/div>\n<\/div>\n<div class=\"standard_wrapper\">\n<div  class=\"ppb_image_boxed one_half last\" style=\"margin-bottom:20px;\" >\n<div class=\"page_content_wrapper wide\">\n<div class=\"inner\">\n<div class=\"image_boxed_wrapper theme_radius\" style=\"text-align:center;>\u00ab\u00a0><img decoding=\"async\" src=\"https:\/\/themes.themegoods.com\/grandspa\/demo\/wp-content\/uploads\/2017\/02\/iStock_000011185393XLarge.jpg\" alt=\"\"\/><\/p>\n<div class=\"image_boxed_content\" style=\"padding:30px;\">\n<h3>Tuina Massage<\/h3>\n<p>Die Tuina-Massage in China Medi TCM Bern bezieht den gesamten K\u00f6rper sowie das Gesamtsystem des Menschen in seiner Umwelt und die Natureinfl\u00fcsse mit ein.<br \/>\nDurch die verschiedenen manuellen Techniken wird Qi (fliessende Energie) und Blut in den lokalen wie auch in den Ganzk\u00f6rperenergieb\u00e4ndern reguliert. <\/p>\n<p><a class=\"readmore\" href=\"http:\/\/chinamedi.ch\/index.php\/preisliste\/\">Preise anzeigen<\/a><\/p>\n<\/div>\n<\/div>\n<\/div>\n<\/div>\n<\/div>\n<\/div>\n<div class=\"standard_wrapper\">\n<div  class=\"ppb_image_boxed one_half\" style=\"margin-bottom:20px;\" >\n<div class=\"page_content_wrapper wide\">\n<div class=\"inner\">\n<div class=\"image_boxed_wrapper theme_radius\" style=\"text-align:center;>\u00ab\u00a0><img decoding=\"async\" src=\"http:\/\/chinamedi.ch\/wp-content\/uploads\/2023\/02\/Adsiz-tasarim-2023-02-01T091535.241.png\" alt=\"\"\/><\/p>\n<div class=\"image_boxed_content\" style=\"padding:30px;\">\n<h3>Schr\u00f6pfen<\/h3>\n<p>Bei der Therapie durch Schr\u00f6pfen in China Medi TCM Bern werden Schr\u00f6pfgl\u00e4ser leicht erhitzt und auf die Haut gesetzt.<br \/>\nDurch den entstehenden Unterdruck werden die Blutgef\u00e4sse der Haut erweitert. Dies f\u00f6rdert die Durchblutung der Haut und hilft bei einer eine Vielzahl von Beschwerden wie bei Migr\u00e4ne, Mandelentz\u00fcndungen, Rheuma, Lungenkrankheiten, Bandscheibenprobleme, Gelbsucht, Nierenschw\u00e4che, Bluthochdruck.<\/p>\n<p><a class=\"readmore\" href=\"http:\/\/chinamedi.ch\/index.php\/preisliste\/\">Preise anzeigen<\/a><\/p>\n<\/div>\n<\/div>\n<\/div>\n<\/div>\n<\/div>\n<\/div>\n<div class=\"standard_wrapper\">\n<div  class=\"ppb_image_boxed one_half last\" style=\"margin-bottom:20px;\" >\n<div class=\"page_content_wrapper wide\">\n<div class=\"inner\">\n<div class=\"image_boxed_wrapper theme_radius\" style=\"text-align:center;>\u00ab\u00a0><img decoding=\"async\" src=\"http:\/\/chinamedi.ch\/wp-content\/uploads\/2023\/02\/Adsiz-tasarim-22.jpg\" alt=\"\"\/><\/p>\n<div class=\"image_boxed_content\" style=\"padding:30px;\">\n<h3>TCM Kr\u00e4uter<\/h3>\n<p>Aus Kr\u00e4utern und Pflanzen werden individuell auf ein Beschwerdebild abgestimmte Mischungen f\u00fcr Tees, Fussb\u00e4der oder Vollb\u00e4der hergestellt.<br \/>\nDie Therapie mit Kr\u00e4uteranwendungen ist sehr wirkungsvoll und hilft bei vielen Leiden wie zum Beispiel bei der Linderung von Schmerzen, gegen Stress, bei Frauenbeschwerden oder bei der Gewichtsabnahme.<\/p>\n<p><a class=\"readmore\" href=\"http:\/\/chinamedi.ch\/index.php\/preisliste\/\">Preise anzeigen<\/a><\/p>\n<\/div>\n<\/div>\n<\/div>\n<\/div>\n<\/div>\n<\/div>\n<div class=\"standard_wrapper\">\n<div  class=\"ppb_image_boxed one_half\" style=\"margin-bottom:20px;\" >\n<div class=\"page_content_wrapper wide\">\n<div class=\"inner\">\n<div class=\"image_boxed_wrapper theme_radius\" style=\"text-align:center;>\u00ab\u00a0><img decoding=\"async\" src=\"http:\/\/chinamedi.ch\/wp-content\/uploads\/2023\/03\/Adsiz-tasarim-73.png\" alt=\"\"\/><\/p>\n<div class=\"image_boxed_content\" style=\"padding:30px;\">\n<h3>Ern\u00e4hrungsberatung<\/h3>\n<p>Die Ern\u00e4hrungstherapie der traditionellen chinesischen Medizin ist eine traditionelle Gewohnheit der Chinesen, durch Ern\u00e4hrung den Zweck zu erreichen, den K\u00f6rper zu konditionieren und den K\u00f6rper zu st\u00e4rken.  Die Kultur der Ern\u00e4hrungstherapie hat eine lange Geschichte, und die Ern\u00e4hrungstherapie ist ein langfristig gesundheitserhaltendes Verhalten.  In der Vergangenheit verwendeten die Menschen eine Di\u00e4ttherapie, um ihren K\u00f6rper zu regulieren, aber jetzt verwenden die Menschen die traditionelle chinesische Medizin, um Gewicht zu verlieren, Hautpflege und Haarpflege.<a class=\"readmore\" href=\"http:\/\/chinamedi.ch\/index.php\/preisliste\/\">Preise anzeigen<\/a><\/p>\n<\/div>\n<\/div>\n<\/div>\n<\/div>\n<\/div>\n<\/div>\n<div class=\"standard_wrapper\">\n<div  class=\"ppb_image_boxed one_half last\" style=\"margin-bottom:20px;\" >\n<div class=\"page_content_wrapper wide\">\n<div class=\"inner\">\n<div class=\"image_boxed_wrapper theme_radius\" style=\"text-align:center;>\u00ab\u00a0><img decoding=\"async\" src=\"http:\/\/chinamedi.ch\/wp-content\/uploads\/2023\/03\/moxibustion-5lHdi9ztl4-transformed.jpeg\" alt=\"\"\/><\/p>\n<div class=\"image_boxed_content\" style=\"padding:30px;\">\n<h3>Moxa Therapie<\/h3>\n<p>Der Mechanismus der Moxibustionstherapie h\u00e4ngt mit der thermischen Stimulation des lokalen Feuers zusammen. Diese thermische Stimulation kann eine lokale Hauthyper\u00e4mie verursachen, Kapillaren erweitern, die lokale Durchblutung und Lymphzirkulation verbessern, Kr\u00e4mpfe der glatten Muskulatur lindern und beseitigen und lokales Hautgewebe metabolisieren kann die F\u00e4higkeit st\u00e4rken, die Dissipation und Absorption von pathologischen Produkten wie Entz\u00fcndungen und H\u00e4matomen f\u00f6rdern und kann auch die Diffusion von hemmenden Substanzen in der Gro\u00dfhirnrinde verursachen, die Erregbarkeit des Nervensystems verringern, die Wirkung von Sedierung und Analgesie aus\u00fcben und der w\u00e4rmende Effekt kann auch die Aufnahme von Medikamenten f\u00f6rdern.<br \/>\n<a class=\"readmore\" href=\"http:\/\/chinamedi.ch\/index.php\/preisliste\/\">Preise anzeigen<\/a><\/p>\n<\/div>\n<\/div>\n<\/div>\n<\/div>\n<\/div>\n<\/div>\n","protected":false},"excerpt":{"rendered":"<p>&nbsp; &nbsp; \u00ab\u00a0> Tuina Massage Die Tuina-Massage in China Medi TCM Bern bezieht den gesamten K\u00f6rper sowie das Gesamtsystem des Menschen in seiner Umwelt und die Natureinfl\u00fcsse mit ein. Durch die verschiedenen manuellen Techniken wird Qi (fliessende Energie) und Blut [&hellip;]<\/p>\n","protected":false},"author":2,"featured_media":3939,"parent":0,"menu_order":0,"comment_status":"closed","ping_status":"closed","template":"","meta":{"_joinchat":[],"footnotes":""},"class_list":["post-4013","page","type-page","status-publish","has-post-thumbnail","hentry"],"yoast_head":"<!-- This site is optimized with the Yoast SEO Premium plugin v20.0 (Yoast SEO v20.0) - https:\/\/yoast.com\/wordpress\/plugins\/seo\/ -->\n<title>Behandlungsmethoden - Chinamedi.ch<\/title>\n<meta name=\"robots\" content=\"index, follow, max-snippet:-1, max-image-preview:large, max-video-preview:-1\" \/>\n<link rel=\"canonical\" href=\"https:\/\/chinamedi.ch\/index.php\/behandlungsmethoden\/\" \/>\n<meta property=\"og:locale\" content=\"fr_FR\" \/>\n<meta property=\"og:type\" content=\"article\" \/>\n<meta property=\"og:title\" content=\"Behandlungsmethoden\" \/>\n<meta property=\"og:description\" content=\"&nbsp; &nbsp; \u00ab\u00a0&gt; Tuina Massage Die Tuina-Massage in China Medi TCM Bern bezieht den gesamten K\u00f6rper sowie das Gesamtsystem des Menschen in seiner Umwelt und die Natureinfl\u00fcsse mit ein. Durch die verschiedenen manuellen Techniken wird Qi (fliessende Energie) und Blut [&hellip;]\" \/>\n<meta property=\"og:url\" content=\"https:\/\/chinamedi.ch\/index.php\/behandlungsmethoden\/\" \/>\n<meta property=\"og:site_name\" content=\"Chinamedi.ch\" \/>\n<meta property=\"article:modified_time\" content=\"2023-03-10T17:28:55+00:00\" \/>\n<meta property=\"og:image\" content=\"https:\/\/chinamedi.ch\/wp-content\/uploads\/2023\/03\/Adsiz-tasarim-70-1024x373.png\" \/>\n\t<meta property=\"og:image:width\" content=\"1024\" \/>\n\t<meta property=\"og:image:height\" content=\"373\" \/>\n\t<meta property=\"og:image:type\" content=\"image\/png\" \/>\n<meta name=\"twitter:card\" content=\"summary_large_image\" \/>\n<meta name=\"twitter:label1\" content=\"Dur\u00e9e de lecture estim\u00e9e\" \/>\n\t<meta name=\"twitter:data1\" content=\"3 minutes\" \/>\n<script type=\"application\/ld+json\" class=\"yoast-schema-graph\">{\"@context\":\"https:\/\/schema.org\",\"@graph\":[{\"@type\":\"WebPage\",\"@id\":\"https:\/\/chinamedi.ch\/index.php\/behandlungsmethoden\/\",\"url\":\"https:\/\/chinamedi.ch\/index.php\/behandlungsmethoden\/\",\"name\":\"Behandlungsmethoden - Chinamedi.ch\",\"isPartOf\":{\"@id\":\"https:\/\/chinamedi.ch\/#website\"},\"datePublished\":\"2023-03-05T07:24:54+00:00\",\"dateModified\":\"2023-03-10T17:28:55+00:00\",\"breadcrumb\":{\"@id\":\"https:\/\/chinamedi.ch\/index.php\/behandlungsmethoden\/#breadcrumb\"},\"inLanguage\":\"fr-FR\",\"potentialAction\":[{\"@type\":\"ReadAction\",\"target\":[\"https:\/\/chinamedi.ch\/index.php\/behandlungsmethoden\/\"]}]},{\"@type\":\"BreadcrumbList\",\"@id\":\"https:\/\/chinamedi.ch\/index.php\/behandlungsmethoden\/#breadcrumb\",\"itemListElement\":[{\"@type\":\"ListItem\",\"position\":1,\"name\":\"Home\",\"item\":\"https:\/\/chinamedi.ch\/\"},{\"@type\":\"ListItem\",\"position\":2,\"name\":\"Behandlungsmethoden\"}]},{\"@type\":\"WebSite\",\"@id\":\"https:\/\/chinamedi.ch\/#website\",\"url\":\"https:\/\/chinamedi.ch\/\",\"name\":\"Chinamedi.ch\",\"description\":\"\",\"potentialAction\":[{\"@type\":\"SearchAction\",\"target\":{\"@type\":\"EntryPoint\",\"urlTemplate\":\"https:\/\/chinamedi.ch\/?s={search_term_string}\"},\"query-input\":\"required name=search_term_string\"}],\"inLanguage\":\"fr-FR\"}]}<\/script>\n<!-- \/ Yoast SEO Premium plugin. -->","yoast_head_json":{"title":"Behandlungsmethoden - Chinamedi.ch","robots":{"index":"index","follow":"follow","max-snippet":"max-snippet:-1","max-image-preview":"max-image-preview:large","max-video-preview":"max-video-preview:-1"},"canonical":"https:\/\/chinamedi.ch\/index.php\/behandlungsmethoden\/","og_locale":"fr_FR","og_type":"article","og_title":"Behandlungsmethoden","og_description":"&nbsp; &nbsp; \u00ab\u00a0> Tuina Massage Die Tuina-Massage in China Medi TCM Bern bezieht den gesamten K\u00f6rper sowie das Gesamtsystem des Menschen in seiner Umwelt und die Natureinfl\u00fcsse mit ein. Durch die verschiedenen manuellen Techniken wird Qi (fliessende Energie) und Blut [&hellip;]","og_url":"https:\/\/chinamedi.ch\/index.php\/behandlungsmethoden\/","og_site_name":"Chinamedi.ch","article_modified_time":"2023-03-10T17:28:55+00:00","og_image":[{"width":1024,"height":373,"url":"https:\/\/chinamedi.ch\/wp-content\/uploads\/2023\/03\/Adsiz-tasarim-70-1024x373.png","type":"image\/png"}],"twitter_card":"summary_large_image","twitter_misc":{"Dur\u00e9e de lecture estim\u00e9e":"3 minutes"},"schema":{"@context":"https:\/\/schema.org","@graph":[{"@type":"WebPage","@id":"https:\/\/chinamedi.ch\/index.php\/behandlungsmethoden\/","url":"https:\/\/chinamedi.ch\/index.php\/behandlungsmethoden\/","name":"Behandlungsmethoden - Chinamedi.ch","isPartOf":{"@id":"https:\/\/chinamedi.ch\/#website"},"datePublished":"2023-03-05T07:24:54+00:00","dateModified":"2023-03-10T17:28:55+00:00","breadcrumb":{"@id":"https:\/\/chinamedi.ch\/index.php\/behandlungsmethoden\/#breadcrumb"},"inLanguage":"fr-FR","potentialAction":[{"@type":"ReadAction","target":["https:\/\/chinamedi.ch\/index.php\/behandlungsmethoden\/"]}]},{"@type":"BreadcrumbList","@id":"https:\/\/chinamedi.ch\/index.php\/behandlungsmethoden\/#breadcrumb","itemListElement":[{"@type":"ListItem","position":1,"name":"Home","item":"https:\/\/chinamedi.ch\/"},{"@type":"ListItem","position":2,"name":"Behandlungsmethoden"}]},{"@type":"WebSite","@id":"https:\/\/chinamedi.ch\/#website","url":"https:\/\/chinamedi.ch\/","name":"Chinamedi.ch","description":"","potentialAction":[{"@type":"SearchAction","target":{"@type":"EntryPoint","urlTemplate":"https:\/\/chinamedi.ch\/?s={search_term_string}"},"query-input":"required name=search_term_string"}],"inLanguage":"fr-FR"}]}},"_links":{"self":[{"href":"https:\/\/chinamedi.ch\/index.php\/wp-json\/wp\/v2\/pages\/4013","targetHints":{"allow":["GET"]}}],"collection":[{"href":"https:\/\/chinamedi.ch\/index.php\/wp-json\/wp\/v2\/pages"}],"about":[{"href":"https:\/\/chinamedi.ch\/index.php\/wp-json\/wp\/v2\/types\/page"}],"author":[{"embeddable":true,"href":"https:\/\/chinamedi.ch\/index.php\/wp-json\/wp\/v2\/users\/2"}],"replies":[{"embeddable":true,"href":"https:\/\/chinamedi.ch\/index.php\/wp-json\/wp\/v2\/comments?post=4013"}],"version-history":[{"count":9,"href":"https:\/\/chinamedi.ch\/index.php\/wp-json\/wp\/v2\/pages\/4013\/revisions"}],"predecessor-version":[{"id":4093,"href":"https:\/\/chinamedi.ch\/index.php\/wp-json\/wp\/v2\/pages\/4013\/revisions\/4093"}],"wp:featuredmedia":[{"embeddable":true,"href":"https:\/\/chinamedi.ch\/index.php\/wp-json\/wp\/v2\/media\/3939"}],"wp:attachment":[{"href":"https:\/\/chinamedi.ch\/index.php\/wp-json\/wp\/v2\/media?parent=4013"}],"curies":[{"name":"wp","href":"https:\/\/api.w.org\/{rel}","templated":true}]}}